{"id":70,"date":"2017-11-24T11:37:10","date_gmt":"2017-11-24T10:37:10","guid":{"rendered":"http:\/\/arboripaysage.fr\/?page_id=70"},"modified":"2021-12-06T15:18:40","modified_gmt":"2021-12-06T14:18:40","slug":"elagage-taille-et-soins-aux-arbres","status":"publish","type":"page","link":"https:\/\/arboripaysage.fr\/index.php\/elagage-taille-et-soins-aux-arbres\/","title":{"rendered":"\u00c9lagage, Taille et soins aux arbres"},"content":{"rendered":"<p>[et_pb_section bb_built=\u00a0\u00bb1&Prime; admin_label=\u00a0\u00bbsection\u00a0\u00bb][et_pb_row admin_label=\u00a0\u00bbrow\u00a0\u00bb background_position=\u00a0\u00bbtop_left\u00a0\u00bb background_repeat=\u00a0\u00bbrepeat\u00a0\u00bb background_size=\u00a0\u00bbinitial\u00a0\u00bb][et_pb_column type=\u00a0\u00bb1_2&Prime;][et_pb_image src=\u00a0\u00bbhttp:\/\/arboripaysage.fr\/wp-content\/uploads\/2017\/11\/2-coupe-de-la-tete.jpg\u00a0\u00bb show_in_lightbox=\u00a0\u00bboff\u00a0\u00bb url_new_window=\u00a0\u00bboff\u00a0\u00bb use_overlay=\u00a0\u00bboff\u00a0\u00bb animation=\u00a0\u00bbleft\u00a0\u00bb sticky=\u00a0\u00bboff\u00a0\u00bb align=\u00a0\u00bbleft\u00a0\u00bb force_fullwidth=\u00a0\u00bboff\u00a0\u00bb always_center_on_mobile=\u00a0\u00bboff\u00a0\u00bb use_border_color=\u00a0\u00bboff\u00a0\u00bb border_color=\u00a0\u00bb#ffffff\u00a0\u00bb border_style=\u00a0\u00bbsolid\u00a0\u00bb alt=\u00a0\u00bbarboripaysage \u00e9lagage d\u00e9montage bavay\u00a0\u00bb title_text=\u00a0\u00bbArboripayasage d\u00e9montage chataignier bavay\u00a0\u00bb animation_style=\u00a0\u00bbslide\u00a0\u00bb animation_duration=\u00a0\u00bb500ms\u00a0\u00bb animation_intensity_slide=\u00a0\u00bb10%\u00a0\u00bb animation_direction=\u00a0\u00bbleft\u00a0\u00bb show_bottom_space=\u00a0\u00bbon\u00a0\u00bb \/][\/et_pb_column][et_pb_column type=\u00a0\u00bb1_2&Prime;][et_pb_text background_layout=\u00a0\u00bblight\u00a0\u00bb text_orientation=\u00a0\u00bbjustified\u00a0\u00bb use_border_color=\u00a0\u00bboff\u00a0\u00bb background_position=\u00a0\u00bbtop_left\u00a0\u00bb background_repeat=\u00a0\u00bbrepeat\u00a0\u00bb background_size=\u00a0\u00bbinitial\u00a0\u00bb _builder_version=\u00a0\u00bb3.0.100&Prime;]<\/p>\n<div>\n<h1><span style=\"font-family: gabriola; font-size: 24pt;\">Arboriste grimpeur : un m\u00e9tier, une passion !<\/span><\/h1>\n<\/div>\n<div class=\"mod_texte_texte\">\n<p><span style=\"font-family: gabriola; font-size: 14pt;\">La taille d&rsquo;un arbre n&rsquo;est pas un acte anodin.\u00a0<\/span><span style=\"font-family: gabriola; font-size: 18.6667px;\">Taille douce, de formation, sanitaire&#8230;\u00a0<\/span><span style=\"font-family: gabriola; font-size: 14pt;\">pour \u00eatre r\u00e9alis\u00e9e dans les r\u00e8gles de l&rsquo;art, une taille n\u00e9cessite\u00a0<\/span><span style=\"font-family: gabriola; font-size: 18.6667px;\">de nombreuses connaissances dans les domaines de\u00a0la biologie, la physiologie ou la pathologie v\u00e9g\u00e9tale<\/span><span style=\"font-family: gabriola; font-size: 14pt;\">. L<\/span><span style=\"font-family: gabriola; font-size: 18.6667px;\">e m\u00e9tier d&rsquo;arboriste-grimpeur est un m\u00e9tier tr\u00e8s technique qui\u00a0<\/span><span style=\"font-family: gabriola; font-size: 14pt;\">n\u00e9cessite patience, observation et\u00a0<\/span><span style=\"font-family: gabriola; font-size: 18.6667px;\">savoir-faire.\u00a0<\/span><\/p>\n<p><span style=\"font-family: gabriola; font-size: 14pt;\">L&rsquo;arboriste grimpeur \u00e9volue dans tous types arbres gr\u00e2ce \u00e0 son baudrier et son mat\u00e9riel. Branches dans les fils \u00e9lectriques, arbres \u00e0 proximit\u00e9 de b\u00e2timents, branches cass\u00e9es, \u2026 un \u00e9lagueur se doit donc d&rsquo;avoir la ma\u00eetrise des techniques de grimpe, de r\u00e9tention, de d\u00e9montage sans oublier les r\u00e8gles de s\u00e9curit\u00e9.<\/span><\/p>\n<p><span style=\"font-family: gabriola; font-size: 14pt;\">Passionn\u00e9 par la nature et le v\u00e9g\u00e9tal, nous donnons une grande importance \u00e0 leur respect. Raison pour laquelle chez Arboripaysage nous ne r\u00e9alisons pas de taille drastique et nous effor\u00e7ons d&rsquo;expliquer le pourquoi \u00e0 nos client et de trouver le meilleur compromis possible.<\/span><\/p>\n<\/div>\n<p>[\/et_pb_text][et_pb_image _builder_version=\u00a0\u00bb3.0.100&Prime; src=\u00a0\u00bbhttps:\/\/arboripaysage.fr\/wp-content\/uploads\/2018\/02\/Respectons-les-arbres.jpg\u00a0\u00bb show_in_lightbox=\u00a0\u00bboff\u00a0\u00bb url_new_window=\u00a0\u00bboff\u00a0\u00bb use_overlay=\u00a0\u00bboff\u00a0\u00bb always_center_on_mobile=\u00a0\u00bbon\u00a0\u00bb force_fullwidth=\u00a0\u00bboff\u00a0\u00bb show_bottom_space=\u00a0\u00bbon\u00a0\u00bb max_width=\u00a0\u00bb24%\u00a0\u00bb align=\u00a0\u00bbcenter\u00a0\u00bb \/][\/et_pb_column][\/et_pb_row][\/et_pb_section]<\/p>\n\n","protected":false},"excerpt":{"rendered":"<p>[et_pb_section bb_built=\u00a0\u00bb1&Prime; admin_label=\u00a0\u00bbsection\u00a0\u00bb][et_pb_row admin_label=\u00a0\u00bbrow\u00a0\u00bb background_position=\u00a0\u00bbtop_left\u00a0\u00bb background_repeat=\u00a0\u00bbrepeat\u00a0\u00bb background_size=\u00a0\u00bbinitial\u00a0\u00bb][et_pb_column type=\u00a0\u00bb1_2&Prime;][et_pb_image src=\u00a0\u00bbhttp:\/\/arboripaysage.fr\/wp-content\/uploads\/2017\/11\/2-coupe-de-la-tete.jpg\u00a0\u00bb show_in_lightbox=\u00a0\u00bboff\u00a0\u00bb url_new_window=\u00a0\u00bboff\u00a0\u00bb use_overlay=\u00a0\u00bboff\u00a0\u00bb animation=\u00a0\u00bbleft\u00a0\u00bb sticky=\u00a0\u00bboff\u00a0\u00bb align=\u00a0\u00bbleft\u00a0\u00bb force_fullwidth=\u00a0\u00bboff\u00a0\u00bb always_center_on_mobile=\u00a0\u00bboff\u00a0\u00bb use_border_color=\u00a0\u00bboff\u00a0\u00bb border_color=\u00a0\u00bb#ffffff\u00a0\u00bb border_style=\u00a0\u00bbsolid\u00a0\u00bb alt=\u00a0\u00bbarboripaysage \u00e9lagage d\u00e9montage bavay\u00a0\u00bb title_text=\u00a0\u00bbArboripayasage d\u00e9montage chataignier bavay\u00a0\u00bb animation_style=\u00a0\u00bbslide\u00a0\u00bb animation_duration=\u00a0\u00bb500ms\u00a0\u00bb animation_intensity_slide=\u00a0\u00bb10%\u00a0\u00bb animation_direction=\u00a0\u00bbleft\u00a0\u00bb show_bottom_space=\u00a0\u00bbon\u00a0\u00bb \/][\/et_pb_column][et_pb_column type=\u00a0\u00bb1_2&Prime;][et_pb_text background_layout=\u00a0\u00bblight\u00a0\u00bb text_orientation=\u00a0\u00bbjustified\u00a0\u00bb use_border_color=\u00a0\u00bboff\u00a0\u00bb background_position=\u00a0\u00bbtop_left\u00a0\u00bb background_repeat=\u00a0\u00bbrepeat\u00a0\u00bb background_size=\u00a0\u00bbinitial\u00a0\u00bb _builder_version=\u00a0\u00bb3.0.100&Prime;] Arboriste grimpeur : un m\u00e9tier, une passion ! La taille d&rsquo;un arbre n&rsquo;est [&hellip;]<\/p>\n","protected":false},"author":1,"featured_media":0,"parent":0,"menu_order":0,"comment_status":"closed","ping_status":"closed","template":"","meta":{"_et_pb_use_builder":"on","_et_pb_old_content":""},"_links":{"self":[{"href":"https:\/\/arboripaysage.fr\/index.php\/wp-json\/wp\/v2\/pages\/70"}],"collection":[{"href":"https:\/\/arboripaysage.fr\/index.php\/wp-json\/wp\/v2\/pages"}],"about":[{"href":"https:\/\/arboripaysage.fr\/index.php\/wp-json\/wp\/v2\/types\/page"}],"author":[{"embeddable":true,"href":"https:\/\/arboripaysage.fr\/index.php\/wp-json\/wp\/v2\/users\/1"}],"replies":[{"embeddable":true,"href":"https:\/\/arboripaysage.fr\/index.php\/wp-json\/wp\/v2\/comments?post=70"}],"version-history":[{"count":16,"href":"https:\/\/arboripaysage.fr\/index.php\/wp-json\/wp\/v2\/pages\/70\/revisions"}],"predecessor-version":[{"id":756,"href":"https:\/\/arboripaysage.fr\/index.php\/wp-json\/wp\/v2\/pages\/70\/revisions\/756"}],"wp:attachment":[{"href":"https:\/\/arboripaysage.fr\/index.php\/wp-json\/wp\/v2\/media?parent=70"}],"curies":[{"name":"wp","href":"https:\/\/api.w.org\/{rel}","templated":true}]}}