{"id":68,"date":"2017-11-24T11:36:21","date_gmt":"2017-11-24T10:36:21","guid":{"rendered":"http:\/\/arboripaysage.fr\/?page_id=68"},"modified":"2018-03-01T15:00:25","modified_gmt":"2018-03-01T14:00:25","slug":"creation-et-amenagement-de-jardins-bavay-sebourg-villers-pol-villereau","status":"publish","type":"page","link":"https:\/\/arboripaysage.fr\/index.php\/creation-et-amenagement-de-jardins-bavay-sebourg-villers-pol-villereau\/","title":{"rendered":"Cr\u00e9ation et am\u00e9nagement de jardins"},"content":{"rendered":"<p>[et_pb_section bb_built=\u00a0\u00bb1&Prime; admin_label=\u00a0\u00bbsection\u00a0\u00bb][et_pb_row][et_pb_column type=\u00a0\u00bb2_3&Prime;][et_pb_gallery _builder_version=\u00a0\u00bb3.0.100&Prime; show_title_and_caption=\u00a0\u00bbon\u00a0\u00bb show_pagination=\u00a0\u00bbon\u00a0\u00bb gallery_ids=\u00a0\u00bb83,81,82,84,634&Prime; fullwidth=\u00a0\u00bbon\u00a0\u00bb orientation=\u00a0\u00bblandscape\u00a0\u00bb zoom_icon_color=\u00a0\u00bb#3c75d8&Prime; hover_overlay_color=\u00a0\u00bbrgba(255,255,255,0.9)\u00a0\u00bb background_layout=\u00a0\u00bblight\u00a0\u00bb pagination_font_size_tablet=\u00a0\u00bb51&Prime; pagination_line_height_tablet=\u00a0\u00bb2&Prime; auto=\u00a0\u00bbon\u00a0\u00bb auto_speed=\u00a0\u00bb5000&Prime; \/][\/et_pb_column][et_pb_column type=\u00a0\u00bb1_3&Prime;][et_pb_text background_layout=\u00a0\u00bblight\u00a0\u00bb use_border_color=\u00a0\u00bboff\u00a0\u00bb background_position=\u00a0\u00bbtop_left\u00a0\u00bb background_repeat=\u00a0\u00bbrepeat\u00a0\u00bb background_size=\u00a0\u00bbinitial\u00a0\u00bb _builder_version=\u00a0\u00bb3.0.100&Prime; text_font=\u00a0\u00bbArbonie||||||||\u00a0\u00bb]<\/p>\n<p class=\"bodytext\" style=\"text-align: justify;\"><span style=\"font-size: 14pt;\"><span style=\"font-family: gabriola;\">\u00a0 \u00a0 \u00a0Vous souhaitez une <strong>cr\u00e9ation ext\u00e9rieure<\/strong>, <strong>am\u00e9nager <\/strong><strong>un jardin zen<\/strong><em>, <\/em><strong>contemporain, bucolique<\/strong> ou simplement <strong>r\u00e9nover votre jardin<\/strong>, \u00e0 vous de nous donner vos pr\u00e9f\u00e9rences.<\/span><span style=\"font-family: gabriola;\"><br \/>\n<strong>Arboripaysage<\/strong> prend en charge l&rsquo;am\u00e9nagement de votre ext\u00e9rieur de A \u00e0 Z et vous propose <strong>un projet personnalis\u00e9 clef en main<\/strong> pour votre nouvel espace \u00e0 vivre.<\/span><span style=\"font-family: gabriola;\">\u00a0<\/span><\/span><\/p>\n<p class=\"bodytext\" style=\"text-align: justify;\"><span style=\"font-size: 14pt;\"><span style=\"font-family: gabriola;\">\u00a0 \u00a0 \u00a0Au cours d&rsquo;un <strong>premier rendez-vous gratuit<\/strong>, qui se d\u00e9roule chez vous,\u00a0nous allons ensemble faire le point sur vos envies et <strong>reformuler vos attentes<\/strong> en tenant compte des \u00e9ventuelles <em>contraintes de terrain, d&rsquo;expositions, de superficie, d&rsquo;environnement&#8230;<\/em><\/span><\/span><\/p>\n<p class=\"bodytext\" style=\"text-align: justify;\"><span style=\"font-size: 14pt;\"><span style=\"font-family: gabriola;\">\u00a0 \u00a0 \u00a0Ensuite \u00e0 partir de ces informations, de retour dans nos locaux, nous allons travailler sur le projet et <strong>retranscrire nos id\u00e9es sur ordinateur<\/strong> ainsi il vous sera plus facile de vous\u00a0projeter dans votre futur jardin.<\/span><\/span><\/p>\n<p class=\"bodytext\" style=\"text-align: justify;\"><span style=\"font-size: 14pt;\"><span style=\"font-family: gabriola;\">\u00a0 \u00a0 \u00a0Un second rendez vous nous permettra de vous pr\u00e9senter <strong>nos id\u00e9es originales,<\/strong> d&rsquo;\u00e9changer sur notre <strong>choix de mat\u00e9riaux<\/strong> et <strong>v\u00e9g\u00e9taux de qualit\u00e9<\/strong>. <\/span><\/span><\/p>\n<p class=\"bodytext\" style=\"text-align: justify;\"><span style=\"font-size: 14pt;\"><span style=\"font-family: gabriola;\">\u00a0 \u00a0 \u00a0Suite \u00e0 cela nous pourrons planifier ensemble la <strong>r\u00e9alisation du projet<\/strong> en fonction de la saison id\u00e9ale.\u00a0<\/span><span style=\"font-family: gabriola;\">Nous travaillons toujours vos am\u00e9nagements afin qu&rsquo;ils durent dans le temps, ainsi nous cherchons \u00e0 concilier <strong>esth\u00e9tisme, d\u00e9sir et budget<\/strong> allou\u00e9 au projet avec le lieu o\u00f9 seront implant\u00e9s les v\u00e9g\u00e9taux. En effet, travaillant avec des produits vivants il faut prendre en compte<strong> l&rsquo;exposition, le climat, l&rsquo;agrologie<\/strong>&#8230;<\/span><\/span><\/p>\n<p class=\"bodytext\" style=\"text-align: justify;\"><span style=\"font-size: 14pt;\"><span style=\"font-family: gabriola;\">\u00a0 \u00a0 \u00a0Notre <strong>travail<\/strong> et notre <strong>savoir-faire<\/strong> reconnu feront de votre jardin\u00a0<strong>un espace\u00a0esth\u00e9tique<\/strong> et <strong>harmonieux<\/strong> dans lequel vous prendrez <strong>plaisir \u00e0 vivre<\/strong> et vous <strong>ressourcer.<\/strong><\/span><\/span><\/p>\n<p>[\/et_pb_text][\/et_pb_column][\/et_pb_row][et_pb_row][et_pb_column type=\u00a0\u00bb4_4&Prime;][\/et_pb_column][\/et_pb_row][\/et_pb_section]<\/p>\n","protected":false},"excerpt":{"rendered":"<p>[et_pb_section bb_built=\u00a0\u00bb1&Prime; admin_label=\u00a0\u00bbsection\u00a0\u00bb][et_pb_row][et_pb_column type=\u00a0\u00bb2_3&Prime;][et_pb_gallery _builder_version=\u00a0\u00bb3.0.100&Prime; show_title_and_caption=\u00a0\u00bbon\u00a0\u00bb show_pagination=\u00a0\u00bbon\u00a0\u00bb gallery_ids=\u00a0\u00bb83,81,82,84,634&Prime; fullwidth=\u00a0\u00bbon\u00a0\u00bb orientation=\u00a0\u00bblandscape\u00a0\u00bb zoom_icon_color=\u00a0\u00bb#3c75d8&Prime; hover_overlay_color=\u00a0\u00bbrgba(255,255,255,0.9)\u00a0\u00bb background_layout=\u00a0\u00bblight\u00a0\u00bb pagination_font_size_tablet=\u00a0\u00bb51&Prime; pagination_line_height_tablet=\u00a0\u00bb2&Prime; auto=\u00a0\u00bbon\u00a0\u00bb auto_speed=\u00a0\u00bb5000&Prime; \/][\/et_pb_column][et_pb_column type=\u00a0\u00bb1_3&Prime;][et_pb_text background_layout=\u00a0\u00bblight\u00a0\u00bb use_border_color=\u00a0\u00bboff\u00a0\u00bb background_position=\u00a0\u00bbtop_left\u00a0\u00bb background_repeat=\u00a0\u00bbrepeat\u00a0\u00bb background_size=\u00a0\u00bbinitial\u00a0\u00bb _builder_version=\u00a0\u00bb3.0.100&Prime; text_font=\u00a0\u00bbArbonie||||||||\u00a0\u00bb] \u00a0 \u00a0 \u00a0Vous souhaitez une cr\u00e9ation ext\u00e9rieure, am\u00e9nager un jardin zen, contemporain, bucolique ou simplement r\u00e9nover votre jardin, \u00e0 vous de nous donner vos pr\u00e9f\u00e9rences. Arboripaysage prend en charge [&hellip;]<\/p>\n","protected":false},"author":1,"featured_media":0,"parent":0,"menu_order":0,"comment_status":"closed","ping_status":"closed","template":"","meta":{"_et_pb_use_builder":"on","_et_pb_old_content":""},"_links":{"self":[{"href":"https:\/\/arboripaysage.fr\/index.php\/wp-json\/wp\/v2\/pages\/68"}],"collection":[{"href":"https:\/\/arboripaysage.fr\/index.php\/wp-json\/wp\/v2\/pages"}],"about":[{"href":"https:\/\/arboripaysage.fr\/index.php\/wp-json\/wp\/v2\/types\/page"}],"author":[{"embeddable":true,"href":"https:\/\/arboripaysage.fr\/index.php\/wp-json\/wp\/v2\/users\/1"}],"replies":[{"embeddable":true,"href":"https:\/\/arboripaysage.fr\/index.php\/wp-json\/wp\/v2\/comments?post=68"}],"version-history":[{"count":57,"href":"https:\/\/arboripaysage.fr\/index.php\/wp-json\/wp\/v2\/pages\/68\/revisions"}],"predecessor-version":[{"id":775,"href":"https:\/\/arboripaysage.fr\/index.php\/wp-json\/wp\/v2\/pages\/68\/revisions\/775"}],"wp:attachment":[{"href":"https:\/\/arboripaysage.fr\/index.php\/wp-json\/wp\/v2\/media?parent=68"}],"curies":[{"name":"wp","href":"https:\/\/api.w.org\/{rel}","templated":true}]}}

Création et aménagement de jardins

<p>[et_pb_section bb_built= »1&Prime; admin_label= »section »][et_pb_row][et_pb_column type= »2_3&Prime;][et_pb_gallery _builder_version= »3.0.100&Prime; show_title_and_caption= »on » show_pagination= »on » gallery_ids= »83,81,82,84,634&Prime; fullwidth= »on » orientation= »landscape » zoom_icon_color= »#3c75d8&Prime; hover_overlay_color= »rgba(255,255,255,0.9) » background_layout= »light » pagination_font_size_tablet= »51&Prime; pagination_line_height_tablet= »2&Prime; auto= »on » auto_speed= »5000&Prime; /][/et_pb_column][et_pb_column type= »1_3&Prime;][et_pb_text background_layout= »light » use_border_color= »off » background_position= »top_left » background_repeat= »repeat » background_size= »initial » _builder_version= »3.0.100&Prime; text_font= »Arbonie|||||||| »]</p>
<p class="bodytext" style="text-align: justify;"><span style="font-size: 14pt;"><span style="font-family: gabriola;">     Vous souhaitez une <strong>création extérieure</strong>, <strong>aménager </strong><strong>un jardin zen</strong><em>, </em><strong>contemporain, bucolique</strong> ou simplement <strong>rénover votre jardin</strong>, à vous de nous donner vos préférences.</span><span style="font-family: gabriola;"><br />
<strong>Arboripaysage</strong> prend en charge l&rsquo;aménagement de votre extérieur de A à Z et vous propose <strong>un projet personnalisé clef en main</strong> pour votre nouvel espace à vivre.</span><span style="font-family: gabriola;"> </span></span></p>
<p class="bodytext" style="text-align: justify;"><span style="font-size: 14pt;"><span style="font-family: gabriola;">     Au cours d&rsquo;un <strong>premier rendez-vous gratuit</strong>, qui se déroule chez vous, nous allons ensemble faire le point sur vos envies et <strong>reformuler vos attentes</strong> en tenant compte des éventuelles <em>contraintes de terrain, d&rsquo;expositions, de superficie, d&rsquo;environnement&#8230;</em></span></span></p>
<p class="bodytext" style="text-align: justify;"><span style="font-size: 14pt;"><span style="font-family: gabriola;">     Ensuite à partir de ces informations, de retour dans nos locaux, nous allons travailler sur le projet et <strong>retranscrire nos idées sur ordinateur</strong> ainsi il vous sera plus facile de vous projeter dans votre futur jardin.</span></span></p>
<p class="bodytext" style="text-align: justify;"><span style="font-size: 14pt;"><span style="font-family: gabriola;">     Un second rendez vous nous permettra de vous présenter <strong>nos idées originales,</strong> d&rsquo;échanger sur notre <strong>choix de matériaux</strong> et <strong>végétaux de qualité</strong>. </span></span></p>
<p class="bodytext" style="text-align: justify;"><span style="font-size: 14pt;"><span style="font-family: gabriola;">     Suite à cela nous pourrons planifier ensemble la <strong>réalisation du projet</strong> en fonction de la saison idéale. </span><span style="font-family: gabriola;">Nous travaillons toujours vos aménagements afin qu&rsquo;ils durent dans le temps, ainsi nous cherchons à concilier <strong>esthétisme, désir et budget</strong> alloué au projet avec le lieu où seront implantés les végétaux. En effet, travaillant avec des produits vivants il faut prendre en compte<strong> l&rsquo;exposition, le climat, l&rsquo;agrologie</strong>&#8230;</span></span></p>
<p class="bodytext" style="text-align: justify;"><span style="font-size: 14pt;"><span style="font-family: gabriola;">     Notre <strong>travail</strong> et notre <strong>savoir-faire</strong> reconnu feront de votre jardin <strong>un espace esthétique</strong> et <strong>harmonieux</strong> dans lequel vous prendrez <strong>plaisir à vivre</strong> et vous <strong>ressourcer.</strong></span></span></p>
<p>[/et_pb_text][/et_pb_column][/et_pb_row][et_pb_row][et_pb_column type= »4_4&Prime;][/et_pb_column][/et_pb_row][/et_pb_section]</p>

<p>[et_pb_section bb_built= »1&Prime; admin_label= »section »][et_pb_row][et_pb_column type= »2_3&Prime;][et_pb_gallery _builder_version= »3.0.100&Prime; show_title_and_caption= »on » show_pagination= »on » gallery_ids= »83,81,82,84,634&Prime; fullwidth= »on » orientation= »landscape » zoom_icon_color= »#3c75d8&Prime; hover_overlay_color= »rgba(255,255,255,0.9) » background_layout= »light » pagination_font_size_tablet= »51&Prime; pagination_line_height_tablet= »2&Prime; auto= »on » auto_speed= »5000&Prime; /][/et_pb_column][et_pb_column type= »1_3&Prime;][et_pb_text background_layout= »light » use_border_color= »off » background_position= »top_left » background_repeat= »repeat » background_size= »initial » _builder_version= »3.0.100&Prime; text_font= »Arbonie|||||||| »]      Vous souhaitez une création extérieure, aménager un jardin zen, contemporain, bucolique ou simplement rénover votre jardin, à vous de nous donner vos préférences. Arboripaysage prend en charge [&hellip;]</p>
