{"id":509,"date":"2018-02-13T10:43:14","date_gmt":"2018-02-13T09:43:14","guid":{"rendered":"https:\/\/arboripaysage.fr\/?page_id=509"},"modified":"2018-02-14T09:35:33","modified_gmt":"2018-02-14T08:35:33","slug":"paysagiste-orsinval","status":"publish","type":"page","link":"https:\/\/arboripaysage.fr\/index.php\/paysagiste-orsinval\/","title":{"rendered":"Orsinval"},"content":{"rendered":"<p>[et_pb_section bb_built=\u00a0\u00bb1&Prime;][et_pb_row][et_pb_column type=\u00a0\u00bb1_2&Prime;][et_pb_image _builder_version=\u00a0\u00bb3.0.100&Prime; src=\u00a0\u00bbhttps:\/\/arboripaysage.fr\/wp-content\/uploads\/2018\/02\/Taille-et-r\u00e9duction-de-haie-Orsinval.jpg\u00a0\u00bb show_in_lightbox=\u00a0\u00bbon\u00a0\u00bb url_new_window=\u00a0\u00bboff\u00a0\u00bb use_overlay=\u00a0\u00bboff\u00a0\u00bb always_center_on_mobile=\u00a0\u00bbon\u00a0\u00bb force_fullwidth=\u00a0\u00bboff\u00a0\u00bb show_bottom_space=\u00a0\u00bbon\u00a0\u00bb align=\u00a0\u00bbcenter\u00a0\u00bb max_width=\u00a0\u00bb50%\u00a0\u00bb \/][\/et_pb_column][et_pb_column type=\u00a0\u00bb1_2&Prime;][et_pb_text _builder_version=\u00a0\u00bb3.0.100&Prime; background_layout=\u00a0\u00bblight\u00a0\u00bb text_font=\u00a0\u00bbgabriola|800|||||||\u00a0\u00bb header_font=\u00a0\u00bbgabriola|800|||||||\u00a0\u00bb animation_style=\u00a0\u00bbfade\u00a0\u00bb]<\/p>\n<h2 style=\"text-align: center;\"><span style=\"font-size: 24pt;\">Taille de haie sur Orsinval<\/span><\/h2>\n<h2 style=\"text-align: center;\"><span style=\"font-size: 14pt;\">La demande \u00e9tait de tailler cette haie d&rsquo;aub\u00e9pine et r\u00e9duire sa hauteur qui devenait trop importante<\/span><\/h2>\n<p>[\/et_pb_text][\/et_pb_column][\/et_pb_row][et_pb_row][et_pb_column type=\u00a0\u00bb1_2&Prime;][et_pb_image _builder_version=\u00a0\u00bb3.0.100&Prime; src=\u00a0\u00bbhttps:\/\/arboripaysage.fr\/wp-content\/uploads\/2018\/02\/Taille-de-fruitier-pommier-Orsinval-1.jpg\u00a0\u00bb show_in_lightbox=\u00a0\u00bbon\u00a0\u00bb url_new_window=\u00a0\u00bboff\u00a0\u00bb use_overlay=\u00a0\u00bboff\u00a0\u00bb align=\u00a0\u00bbcenter\u00a0\u00bb always_center_on_mobile=\u00a0\u00bbon\u00a0\u00bb force_fullwidth=\u00a0\u00bboff\u00a0\u00bb max_width=\u00a0\u00bb50%\u00a0\u00bb show_bottom_space=\u00a0\u00bbon\u00a0\u00bb \/][\/et_pb_column][et_pb_column type=\u00a0\u00bb1_2&Prime;][et_pb_text _builder_version=\u00a0\u00bb3.0.100&Prime; background_layout=\u00a0\u00bblight\u00a0\u00bb text_font=\u00a0\u00bbgabriola|800|||||||\u00a0\u00bb header_font=\u00a0\u00bbgabriola|800|||||||\u00a0\u00bb]<\/p>\n<h2 style=\"text-align: center;\"><span style=\"font-size: 24pt;\">Taille fruiti\u00e8re sur Orsinval<\/span><\/h2>\n<h2 style=\"text-align: center;\"><span style=\"font-size: 14pt;\">Taille de r\u00e9duction sur un pommier non taill\u00e9 depuis plusieurs ann\u00e9es.<\/span><\/h2>\n<p>[\/et_pb_text][\/et_pb_column][\/et_pb_row][\/et_pb_section]<\/p>\n","protected":false},"excerpt":{"rendered":"<p>[et_pb_section bb_built=\u00a0\u00bb1&Prime;][et_pb_row][et_pb_column type=\u00a0\u00bb1_2&Prime;][et_pb_image _builder_version=\u00a0\u00bb3.0.100&Prime; src=\u00a0\u00bbhttps:\/\/arboripaysage.fr\/wp-content\/uploads\/2018\/02\/Taille-et-r\u00e9duction-de-haie-Orsinval.jpg\u00a0\u00bb show_in_lightbox=\u00a0\u00bbon\u00a0\u00bb url_new_window=\u00a0\u00bboff\u00a0\u00bb use_overlay=\u00a0\u00bboff\u00a0\u00bb always_center_on_mobile=\u00a0\u00bbon\u00a0\u00bb force_fullwidth=\u00a0\u00bboff\u00a0\u00bb show_bottom_space=\u00a0\u00bbon\u00a0\u00bb align=\u00a0\u00bbcenter\u00a0\u00bb max_width=\u00a0\u00bb50%\u00a0\u00bb \/][\/et_pb_column][et_pb_column type=\u00a0\u00bb1_2&Prime;][et_pb_text _builder_version=\u00a0\u00bb3.0.100&Prime; background_layout=\u00a0\u00bblight\u00a0\u00bb text_font=\u00a0\u00bbgabriola|800|||||||\u00a0\u00bb header_font=\u00a0\u00bbgabriola|800|||||||\u00a0\u00bb animation_style=\u00a0\u00bbfade\u00a0\u00bb] Taille de haie sur Orsinval La demande \u00e9tait de tailler cette haie d&rsquo;aub\u00e9pine et r\u00e9duire sa hauteur qui devenait trop importante [\/et_pb_text][\/et_pb_column][\/et_pb_row][et_pb_row][et_pb_column type=\u00a0\u00bb1_2&Prime;][et_pb_image _builder_version=\u00a0\u00bb3.0.100&Prime; src=\u00a0\u00bbhttps:\/\/arboripaysage.fr\/wp-content\/uploads\/2018\/02\/Taille-de-fruitier-pommier-Orsinval-1.jpg\u00a0\u00bb show_in_lightbox=\u00a0\u00bbon\u00a0\u00bb url_new_window=\u00a0\u00bboff\u00a0\u00bb use_overlay=\u00a0\u00bboff\u00a0\u00bb align=\u00a0\u00bbcenter\u00a0\u00bb always_center_on_mobile=\u00a0\u00bbon\u00a0\u00bb force_fullwidth=\u00a0\u00bboff\u00a0\u00bb max_width=\u00a0\u00bb50%\u00a0\u00bb show_bottom_space=\u00a0\u00bbon\u00a0\u00bb \/][\/et_pb_column][et_pb_column type=\u00a0\u00bb1_2&Prime;][et_pb_text [&hellip;]<\/p>\n","protected":false},"author":1,"featured_media":0,"parent":0,"menu_order":0,"comment_status":"closed","ping_status":"closed","template":"","meta":{"_et_pb_use_builder":"on","_et_pb_old_content":""},"_links":{"self":[{"href":"https:\/\/arboripaysage.fr\/index.php\/wp-json\/wp\/v2\/pages\/509"}],"collection":[{"href":"https:\/\/arboripaysage.fr\/index.php\/wp-json\/wp\/v2\/pages"}],"about":[{"href":"https:\/\/arboripaysage.fr\/index.php\/wp-json\/wp\/v2\/types\/page"}],"author":[{"embeddable":true,"href":"https:\/\/arboripaysage.fr\/index.php\/wp-json\/wp\/v2\/users\/1"}],"replies":[{"embeddable":true,"href":"https:\/\/arboripaysage.fr\/index.php\/wp-json\/wp\/v2\/comments?post=509"}],"version-history":[{"count":4,"href":"https:\/\/arboripaysage.fr\/index.php\/wp-json\/wp\/v2\/pages\/509\/revisions"}],"predecessor-version":[{"id":602,"href":"https:\/\/arboripaysage.fr\/index.php\/wp-json\/wp\/v2\/pages\/509\/revisions\/602"}],"wp:attachment":[{"href":"https:\/\/arboripaysage.fr\/index.php\/wp-json\/wp\/v2\/media?parent=509"}],"curies":[{"name":"wp","href":"https:\/\/api.w.org\/{rel}","templated":true}]}}

<p>[et_pb_section bb_built= »1&Prime;][et_pb_row][et_pb_column type= »1_2&Prime;][et_pb_image _builder_version= »3.0.100&Prime; src= »https://arboripaysage.fr/wp-content/uploads/2018/02/Taille-et-réduction-de-haie-Orsinval.jpg » show_in_lightbox= »on » url_new_window= »off » use_overlay= »off » always_center_on_mobile= »on » force_fullwidth= »off » show_bottom_space= »on » align= »center » max_width= »50% » /][/et_pb_column][et_pb_column type= »1_2&Prime;][et_pb_text _builder_version= »3.0.100&Prime; background_layout= »light » text_font= »gabriola|800||||||| » header_font= »gabriola|800||||||| » animation_style= »fade »]</p>
<h2 style="text-align: center;"><span style="font-size: 24pt;">Taille de haie sur Orsinval</span></h2>
<h2 style="text-align: center;"><span style="font-size: 14pt;">La demande était de tailler cette haie d&rsquo;aubépine et réduire sa hauteur qui devenait trop importante</span></h2>
<p>[/et_pb_text][/et_pb_column][/et_pb_row][et_pb_row][et_pb_column type= »1_2&Prime;][et_pb_image _builder_version= »3.0.100&Prime; src= »https://arboripaysage.fr/wp-content/uploads/2018/02/Taille-de-fruitier-pommier-Orsinval-1.jpg » show_in_lightbox= »on » url_new_window= »off » use_overlay= »off » align= »center » always_center_on_mobile= »on » force_fullwidth= »off » max_width= »50% » show_bottom_space= »on » /][/et_pb_column][et_pb_column type= »1_2&Prime;][et_pb_text _builder_version= »3.0.100&Prime; background_layout= »light » text_font= »gabriola|800||||||| » header_font= »gabriola|800||||||| »]</p>
<h2 style="text-align: center;"><span style="font-size: 24pt;">Taille fruitière sur Orsinval</span></h2>
<h2 style="text-align: center;"><span style="font-size: 14pt;">Taille de réduction sur un pommier non taillé depuis plusieurs années.</span></h2>
<p>[/et_pb_text][/et_pb_column][/et_pb_row][/et_pb_section]</p>

<p>[et_pb_section bb_built= »1&Prime;][et_pb_row][et_pb_column type= »1_2&Prime;][et_pb_image _builder_version= »3.0.100&Prime; src= »https://arboripaysage.fr/wp-content/uploads/2018/02/Taille-et-réduction-de-haie-Orsinval.jpg » show_in_lightbox= »on » url_new_window= »off » use_overlay= »off » always_center_on_mobile= »on » force_fullwidth= »off » show_bottom_space= »on » align= »center » max_width= »50% » /][/et_pb_column][et_pb_column type= »1_2&Prime;][et_pb_text _builder_version= »3.0.100&Prime; background_layout= »light » text_font= »gabriola|800||||||| » header_font= »gabriola|800||||||| » animation_style= »fade »] Taille de haie sur Orsinval La demande était de tailler cette haie d&rsquo;aubépine et réduire sa hauteur qui devenait trop importante [/et_pb_text][/et_pb_column][/et_pb_row][et_pb_row][et_pb_column type= »1_2&Prime;][et_pb_image _builder_version= »3.0.100&Prime; src= »https://arboripaysage.fr/wp-content/uploads/2018/02/Taille-de-fruitier-pommier-Orsinval-1.jpg » show_in_lightbox= »on » url_new_window= »off » use_overlay= »off » align= »center » always_center_on_mobile= »on » force_fullwidth= »off » max_width= »50% » show_bottom_space= »on » /][/et_pb_column][et_pb_column type= »1_2&Prime;][et_pb_text [&hellip;]</p>
