{"id":508,"date":"2018-02-13T11:05:02","date_gmt":"2018-02-13T10:05:02","guid":{"rendered":"https:\/\/arboripaysage.fr\/?page_id=508"},"modified":"2018-02-14T09:34:23","modified_gmt":"2018-02-14T08:34:23","slug":"paysagiste-salesches","status":"publish","type":"page","link":"https:\/\/arboripaysage.fr\/index.php\/paysagiste-salesches\/","title":{"rendered":"Salesches"},"content":{"rendered":"<p>[et_pb_section bb_built=\u00a0\u00bb1&Prime;][et_pb_row][et_pb_column type=\u00a0\u00bb1_2&Prime;][et_pb_image _builder_version=\u00a0\u00bb3.0.100&Prime; src=\u00a0\u00bbhttps:\/\/arboripaysage.fr\/wp-content\/uploads\/2018\/02\/Am\u00e9nagement-de-facade-Salesches.jpg\u00a0\u00bb show_in_lightbox=\u00a0\u00bbon\u00a0\u00bb url_new_window=\u00a0\u00bboff\u00a0\u00bb use_overlay=\u00a0\u00bboff\u00a0\u00bb always_center_on_mobile=\u00a0\u00bbon\u00a0\u00bb force_fullwidth=\u00a0\u00bboff\u00a0\u00bb show_bottom_space=\u00a0\u00bbon\u00a0\u00bb \/][\/et_pb_column][et_pb_column type=\u00a0\u00bb1_2&Prime;][et_pb_text _builder_version=\u00a0\u00bb3.0.100&Prime; background_layout=\u00a0\u00bblight\u00a0\u00bb text_font=\u00a0\u00bbgabriola|800|||||||\u00a0\u00bb header_font=\u00a0\u00bbgabriola|800|||||||\u00a0\u00bb]<\/p>\n<h2 style=\"text-align: center;\"><span style=\"font-size: 24pt;\">Am\u00e9nagement de fa\u00e7ade sur Salesches<\/span><\/h2>\n<h2 style=\"text-align: center;\"><span style=\"font-size: 14pt;\">Mes clients m&rsquo;avaient demand\u00e9s d&rsquo;apporter de la couleur, de la vie sur l&rsquo;entr\u00e9e de maison .<\/span><\/h2>\n<p>[\/et_pb_text][\/et_pb_column][\/et_pb_row][\/et_pb_section]<\/p>\n","protected":false},"excerpt":{"rendered":"<p>[et_pb_section bb_built=\u00a0\u00bb1&Prime;][et_pb_row][et_pb_column type=\u00a0\u00bb1_2&Prime;][et_pb_image _builder_version=\u00a0\u00bb3.0.100&Prime; src=\u00a0\u00bbhttps:\/\/arboripaysage.fr\/wp-content\/uploads\/2018\/02\/Am\u00e9nagement-de-facade-Salesches.jpg\u00a0\u00bb show_in_lightbox=\u00a0\u00bbon\u00a0\u00bb url_new_window=\u00a0\u00bboff\u00a0\u00bb use_overlay=\u00a0\u00bboff\u00a0\u00bb always_center_on_mobile=\u00a0\u00bbon\u00a0\u00bb force_fullwidth=\u00a0\u00bboff\u00a0\u00bb show_bottom_space=\u00a0\u00bbon\u00a0\u00bb \/][\/et_pb_column][et_pb_column type=\u00a0\u00bb1_2&Prime;][et_pb_text _builder_version=\u00a0\u00bb3.0.100&Prime; background_layout=\u00a0\u00bblight\u00a0\u00bb text_font=\u00a0\u00bbgabriola|800|||||||\u00a0\u00bb header_font=\u00a0\u00bbgabriola|800|||||||\u00a0\u00bb] Am\u00e9nagement de fa\u00e7ade sur Salesches Mes clients m&rsquo;avaient demand\u00e9s d&rsquo;apporter de la couleur, de la vie sur l&rsquo;entr\u00e9e de maison . [\/et_pb_text][\/et_pb_column][\/et_pb_row][\/et_pb_section]<\/p>\n","protected":false},"author":1,"featured_media":0,"parent":0,"menu_order":0,"comment_status":"closed","ping_status":"closed","template":"","meta":{"_et_pb_use_builder":"on","_et_pb_old_content":""},"_links":{"self":[{"href":"https:\/\/arboripaysage.fr\/index.php\/wp-json\/wp\/v2\/pages\/508"}],"collection":[{"href":"https:\/\/arboripaysage.fr\/index.php\/wp-json\/wp\/v2\/pages"}],"about":[{"href":"https:\/\/arboripaysage.fr\/index.php\/wp-json\/wp\/v2\/types\/page"}],"author":[{"embeddable":true,"href":"https:\/\/arboripaysage.fr\/index.php\/wp-json\/wp\/v2\/users\/1"}],"replies":[{"embeddable":true,"href":"https:\/\/arboripaysage.fr\/index.php\/wp-json\/wp\/v2\/comments?post=508"}],"version-history":[{"count":1,"href":"https:\/\/arboripaysage.fr\/index.php\/wp-json\/wp\/v2\/pages\/508\/revisions"}],"predecessor-version":[{"id":520,"href":"https:\/\/arboripaysage.fr\/index.php\/wp-json\/wp\/v2\/pages\/508\/revisions\/520"}],"wp:attachment":[{"href":"https:\/\/arboripaysage.fr\/index.php\/wp-json\/wp\/v2\/media?parent=508"}],"curies":[{"name":"wp","href":"https:\/\/api.w.org\/{rel}","templated":true}]}}

<p>[et_pb_section bb_built= »1&Prime;][et_pb_row][et_pb_column type= »1_2&Prime;][et_pb_image _builder_version= »3.0.100&Prime; src= »https://arboripaysage.fr/wp-content/uploads/2018/02/Aménagement-de-facade-Salesches.jpg » show_in_lightbox= »on » url_new_window= »off » use_overlay= »off » always_center_on_mobile= »on » force_fullwidth= »off » show_bottom_space= »on » /][/et_pb_column][et_pb_column type= »1_2&Prime;][et_pb_text _builder_version= »3.0.100&Prime; background_layout= »light » text_font= »gabriola|800||||||| » header_font= »gabriola|800||||||| »]</p>
<h2 style="text-align: center;"><span style="font-size: 24pt;">Aménagement de façade sur Salesches</span></h2>
<h2 style="text-align: center;"><span style="font-size: 14pt;">Mes clients m&rsquo;avaient demandés d&rsquo;apporter de la couleur, de la vie sur l&rsquo;entrée de maison .</span></h2>
<p>[/et_pb_text][/et_pb_column][/et_pb_row][/et_pb_section]</p>

<p>[et_pb_section bb_built= »1&Prime;][et_pb_row][et_pb_column type= »1_2&Prime;][et_pb_image _builder_version= »3.0.100&Prime; src= »https://arboripaysage.fr/wp-content/uploads/2018/02/Aménagement-de-facade-Salesches.jpg » show_in_lightbox= »on » url_new_window= »off » use_overlay= »off » always_center_on_mobile= »on » force_fullwidth= »off » show_bottom_space= »on » /][/et_pb_column][et_pb_column type= »1_2&Prime;][et_pb_text _builder_version= »3.0.100&Prime; background_layout= »light » text_font= »gabriola|800||||||| » header_font= »gabriola|800||||||| »] Aménagement de façade sur Salesches Mes clients m&rsquo;avaient demandés d&rsquo;apporter de la couleur, de la vie sur l&rsquo;entrée de maison . [/et_pb_text][/et_pb_column][/et_pb_row][/et_pb_section]</p>
