{"id":394,"date":"2018-02-07T16:34:53","date_gmt":"2018-02-07T15:34:53","guid":{"rendered":"https:\/\/arboripaysage.fr\/?page_id=394"},"modified":"2018-02-14T09:38:10","modified_gmt":"2018-02-14T08:38:10","slug":"paysagiste-le-quesnoy","status":"publish","type":"page","link":"https:\/\/arboripaysage.fr\/index.php\/paysagiste-le-quesnoy\/","title":{"rendered":"Le Quesnoy"},"content":{"rendered":"<p>[et_pb_section bb_built=\u00a0\u00bb1&Prime;][et_pb_row][et_pb_column type=\u00a0\u00bb1_2&Prime;][et_pb_image _builder_version=\u00a0\u00bb3.0.100&Prime; src=\u00a0\u00bbhttps:\/\/arboripaysage.fr\/wp-content\/uploads\/2018\/02\/D\u00e9montage-dun-abies-Le-Quesnoy.jpg\u00a0\u00bb show_in_lightbox=\u00a0\u00bbon\u00a0\u00bb url_new_window=\u00a0\u00bboff\u00a0\u00bb use_overlay=\u00a0\u00bboff\u00a0\u00bb always_center_on_mobile=\u00a0\u00bbon\u00a0\u00bb force_fullwidth=\u00a0\u00bboff\u00a0\u00bb show_bottom_space=\u00a0\u00bbon\u00a0\u00bb align=\u00a0\u00bbcenter\u00a0\u00bb max_width=\u00a0\u00bb50%\u00a0\u00bb \/][\/et_pb_column][et_pb_column type=\u00a0\u00bb1_2&Prime;][et_pb_text _builder_version=\u00a0\u00bb3.0.100&Prime; background_layout=\u00a0\u00bblight\u00a0\u00bb text_font=\u00a0\u00bbgabriola|800|||||||\u00a0\u00bb header_font=\u00a0\u00bbgabriola|800|||||||\u00a0\u00bb]<\/p>\n<h2 style=\"text-align: center;\"><span style=\"font-size: 24pt;\">D\u00e9montage d&rsquo;un petit abies sur Le Quesnoy<\/span><\/h2>\n<p style=\"text-align: center;\"><span style=\"font-size: 14pt;\">D\u00e9montage d&rsquo;un abies plant\u00e9 trop proche des habitations ayant d\u00e9j\u00e0 subit un \u00e9t\u00eatage.<\/span><\/p>\n<p>[\/et_pb_text][\/et_pb_column][\/et_pb_row][et_pb_row][et_pb_column type=\u00a0\u00bb1_2&Prime;][et_pb_image _builder_version=\u00a0\u00bb3.0.100&Prime; src=\u00a0\u00bbhttps:\/\/arboripaysage.fr\/wp-content\/uploads\/2018\/02\/Elagage-Remont\u00e9e-de-couronne-Populus-canadensis-La-Flamengrie.jpg\u00a0\u00bb show_in_lightbox=\u00a0\u00bbon\u00a0\u00bb url_new_window=\u00a0\u00bboff\u00a0\u00bb use_overlay=\u00a0\u00bboff\u00a0\u00bb align=\u00a0\u00bbcenter\u00a0\u00bb always_center_on_mobile=\u00a0\u00bbon\u00a0\u00bb force_fullwidth=\u00a0\u00bboff\u00a0\u00bb max_width=\u00a0\u00bb50%\u00a0\u00bb show_bottom_space=\u00a0\u00bbon\u00a0\u00bb \/][\/et_pb_column][et_pb_column type=\u00a0\u00bb1_2&Prime;][et_pb_text _builder_version=\u00a0\u00bb3.0.100&Prime; background_layout=\u00a0\u00bblight\u00a0\u00bb text_font=\u00a0\u00bbgabriola|800|||||||\u00a0\u00bb header_font=\u00a0\u00bbgabriola|800|||||||\u00a0\u00bb]<\/p>\n<h2 style=\"text-align: center;\"><span style=\"font-size: 24pt;\">Remont\u00e9 de couronne sur Le Quesnoy<\/span><\/h2>\n<p style=\"text-align: center;\"><span style=\"font-size: 14pt;\">\u00c9lagage sur les peupliers afin de remonter leur couronne.<\/span><\/p>\n<p>[\/et_pb_text][\/et_pb_column][\/et_pb_row][\/et_pb_section]<\/p>\n","protected":false},"excerpt":{"rendered":"<p>[et_pb_section bb_built=\u00a0\u00bb1&Prime;][et_pb_row][et_pb_column type=\u00a0\u00bb1_2&Prime;][et_pb_image _builder_version=\u00a0\u00bb3.0.100&Prime; src=\u00a0\u00bbhttps:\/\/arboripaysage.fr\/wp-content\/uploads\/2018\/02\/D\u00e9montage-dun-abies-Le-Quesnoy.jpg\u00a0\u00bb show_in_lightbox=\u00a0\u00bbon\u00a0\u00bb url_new_window=\u00a0\u00bboff\u00a0\u00bb use_overlay=\u00a0\u00bboff\u00a0\u00bb always_center_on_mobile=\u00a0\u00bbon\u00a0\u00bb force_fullwidth=\u00a0\u00bboff\u00a0\u00bb show_bottom_space=\u00a0\u00bbon\u00a0\u00bb align=\u00a0\u00bbcenter\u00a0\u00bb max_width=\u00a0\u00bb50%\u00a0\u00bb \/][\/et_pb_column][et_pb_column type=\u00a0\u00bb1_2&Prime;][et_pb_text _builder_version=\u00a0\u00bb3.0.100&Prime; background_layout=\u00a0\u00bblight\u00a0\u00bb text_font=\u00a0\u00bbgabriola|800|||||||\u00a0\u00bb header_font=\u00a0\u00bbgabriola|800|||||||\u00a0\u00bb] D\u00e9montage d&rsquo;un petit abies sur Le Quesnoy D\u00e9montage d&rsquo;un abies plant\u00e9 trop proche des habitations ayant d\u00e9j\u00e0 subit un \u00e9t\u00eatage. [\/et_pb_text][\/et_pb_column][\/et_pb_row][et_pb_row][et_pb_column type=\u00a0\u00bb1_2&Prime;][et_pb_image _builder_version=\u00a0\u00bb3.0.100&Prime; src=\u00a0\u00bbhttps:\/\/arboripaysage.fr\/wp-content\/uploads\/2018\/02\/Elagage-Remont\u00e9e-de-couronne-Populus-canadensis-La-Flamengrie.jpg\u00a0\u00bb show_in_lightbox=\u00a0\u00bbon\u00a0\u00bb url_new_window=\u00a0\u00bboff\u00a0\u00bb use_overlay=\u00a0\u00bboff\u00a0\u00bb align=\u00a0\u00bbcenter\u00a0\u00bb always_center_on_mobile=\u00a0\u00bbon\u00a0\u00bb force_fullwidth=\u00a0\u00bboff\u00a0\u00bb max_width=\u00a0\u00bb50%\u00a0\u00bb show_bottom_space=\u00a0\u00bbon\u00a0\u00bb \/][\/et_pb_column][et_pb_column type=\u00a0\u00bb1_2&Prime;][et_pb_text _builder_version=\u00a0\u00bb3.0.100&Prime; background_layout=\u00a0\u00bblight\u00a0\u00bb [&hellip;]<\/p>\n","protected":false},"author":1,"featured_media":0,"parent":0,"menu_order":0,"comment_status":"closed","ping_status":"closed","template":"","meta":{"_et_pb_use_builder":"on","_et_pb_old_content":""},"_links":{"self":[{"href":"https:\/\/arboripaysage.fr\/index.php\/wp-json\/wp\/v2\/pages\/394"}],"collection":[{"href":"https:\/\/arboripaysage.fr\/index.php\/wp-json\/wp\/v2\/pages"}],"about":[{"href":"https:\/\/arboripaysage.fr\/index.php\/wp-json\/wp\/v2\/types\/page"}],"author":[{"embeddable":true,"href":"https:\/\/arboripaysage.fr\/index.php\/wp-json\/wp\/v2\/users\/1"}],"replies":[{"embeddable":true,"href":"https:\/\/arboripaysage.fr\/index.php\/wp-json\/wp\/v2\/comments?post=394"}],"version-history":[{"count":5,"href":"https:\/\/arboripaysage.fr\/index.php\/wp-json\/wp\/v2\/pages\/394\/revisions"}],"predecessor-version":[{"id":574,"href":"https:\/\/arboripaysage.fr\/index.php\/wp-json\/wp\/v2\/pages\/394\/revisions\/574"}],"wp:attachment":[{"href":"https:\/\/arboripaysage.fr\/index.php\/wp-json\/wp\/v2\/media?parent=394"}],"curies":[{"name":"wp","href":"https:\/\/api.w.org\/{rel}","templated":true}]}}

<p>[et_pb_section bb_built= »1&Prime;][et_pb_row][et_pb_column type= »1_2&Prime;][et_pb_image _builder_version= »3.0.100&Prime; src= »https://arboripaysage.fr/wp-content/uploads/2018/02/Démontage-dun-abies-Le-Quesnoy.jpg » show_in_lightbox= »on » url_new_window= »off » use_overlay= »off » always_center_on_mobile= »on » force_fullwidth= »off » show_bottom_space= »on » align= »center » max_width= »50% » /][/et_pb_column][et_pb_column type= »1_2&Prime;][et_pb_text _builder_version= »3.0.100&Prime; background_layout= »light » text_font= »gabriola|800||||||| » header_font= »gabriola|800||||||| »]</p>
<h2 style="text-align: center;"><span style="font-size: 24pt;">Démontage d&rsquo;un petit abies sur Le Quesnoy</span></h2>
<p style="text-align: center;"><span style="font-size: 14pt;">Démontage d&rsquo;un abies planté trop proche des habitations ayant déjà subit un étêtage.</span></p>
<p>[/et_pb_text][/et_pb_column][/et_pb_row][et_pb_row][et_pb_column type= »1_2&Prime;][et_pb_image _builder_version= »3.0.100&Prime; src= »https://arboripaysage.fr/wp-content/uploads/2018/02/Elagage-Remontée-de-couronne-Populus-canadensis-La-Flamengrie.jpg » show_in_lightbox= »on » url_new_window= »off » use_overlay= »off » align= »center » always_center_on_mobile= »on » force_fullwidth= »off » max_width= »50% » show_bottom_space= »on » /][/et_pb_column][et_pb_column type= »1_2&Prime;][et_pb_text _builder_version= »3.0.100&Prime; background_layout= »light » text_font= »gabriola|800||||||| » header_font= »gabriola|800||||||| »]</p>
<h2 style="text-align: center;"><span style="font-size: 24pt;">Remonté de couronne sur Le Quesnoy</span></h2>
<p style="text-align: center;"><span style="font-size: 14pt;">Élagage sur les peupliers afin de remonter leur couronne.</span></p>
<p>[/et_pb_text][/et_pb_column][/et_pb_row][/et_pb_section]</p>

<p>[et_pb_section bb_built= »1&Prime;][et_pb_row][et_pb_column type= »1_2&Prime;][et_pb_image _builder_version= »3.0.100&Prime; src= »https://arboripaysage.fr/wp-content/uploads/2018/02/Démontage-dun-abies-Le-Quesnoy.jpg » show_in_lightbox= »on » url_new_window= »off » use_overlay= »off » always_center_on_mobile= »on » force_fullwidth= »off » show_bottom_space= »on » align= »center » max_width= »50% » /][/et_pb_column][et_pb_column type= »1_2&Prime;][et_pb_text _builder_version= »3.0.100&Prime; background_layout= »light » text_font= »gabriola|800||||||| » header_font= »gabriola|800||||||| »] Démontage d&rsquo;un petit abies sur Le Quesnoy Démontage d&rsquo;un abies planté trop proche des habitations ayant déjà subit un étêtage. [/et_pb_text][/et_pb_column][/et_pb_row][et_pb_row][et_pb_column type= »1_2&Prime;][et_pb_image _builder_version= »3.0.100&Prime; src= »https://arboripaysage.fr/wp-content/uploads/2018/02/Elagage-Remontée-de-couronne-Populus-canadensis-La-Flamengrie.jpg » show_in_lightbox= »on » url_new_window= »off » use_overlay= »off » align= »center » always_center_on_mobile= »on » force_fullwidth= »off » max_width= »50% » show_bottom_space= »on » /][/et_pb_column][et_pb_column type= »1_2&Prime;][et_pb_text _builder_version= »3.0.100&Prime; background_layout= »light » [&hellip;]</p>
