{"id":389,"date":"2018-02-07T16:23:53","date_gmt":"2018-02-07T15:23:53","guid":{"rendered":"https:\/\/arboripaysage.fr\/?page_id=389"},"modified":"2018-02-14T09:27:43","modified_gmt":"2018-02-14T08:27:43","slug":"paysagiste-sebourg","status":"publish","type":"page","link":"https:\/\/arboripaysage.fr\/index.php\/paysagiste-sebourg\/","title":{"rendered":"Sebourg"},"content":{"rendered":"<p>[et_pb_section bb_built=\u00a0\u00bb1&Prime;][et_pb_row][et_pb_column type=\u00a0\u00bb1_2&Prime;][et_pb_image _builder_version=\u00a0\u00bb3.0.100&Prime; src=\u00a0\u00bbhttps:\/\/arboripaysage.fr\/wp-content\/uploads\/2018\/02\/Tailles-darbustes-Sebourg.jpg\u00a0\u00bb show_in_lightbox=\u00a0\u00bbon\u00a0\u00bb url_new_window=\u00a0\u00bboff\u00a0\u00bb use_overlay=\u00a0\u00bboff\u00a0\u00bb always_center_on_mobile=\u00a0\u00bbon\u00a0\u00bb force_fullwidth=\u00a0\u00bboff\u00a0\u00bb show_bottom_space=\u00a0\u00bbon\u00a0\u00bb align=\u00a0\u00bbcenter\u00a0\u00bb max_width=\u00a0\u00bb50%\u00a0\u00bb \/][\/et_pb_column][et_pb_column type=\u00a0\u00bb1_2&Prime;][et_pb_text _builder_version=\u00a0\u00bb3.0.100&Prime; background_layout=\u00a0\u00bblight\u00a0\u00bb text_font=\u00a0\u00bbgabriola|800|||||||\u00a0\u00bb header_font=\u00a0\u00bbgabriola|800|||||||\u00a0\u00bb]<\/p>\n<p>&nbsp;<\/p>\n<h2 style=\"text-align: center;\"><span style=\"font-size: 24pt;\">Taille d&rsquo;arbustes sur Sebourg<\/span><\/h2>\n<p style=\"text-align: center;\"><span style=\"font-size: 14pt;\">Remise en forme des v\u00e9g\u00e9taux d&rsquo;un massif, reformations des topiaires et paillage de BRF.<\/span><\/p>\n<p>[\/et_pb_text][\/et_pb_column][\/et_pb_row][et_pb_row][et_pb_column type=\u00a0\u00bb1_2&Prime;][et_pb_image _builder_version=\u00a0\u00bb3.0.100&Prime; src=\u00a0\u00bbhttps:\/\/arboripaysage.fr\/wp-content\/uploads\/2018\/02\/D\u00e9montage-dun-fr\u00eane-a-proximit\u00e9-du-r\u00e9seau-electrique-Sebourg.jpg\u00a0\u00bb show_in_lightbox=\u00a0\u00bbon\u00a0\u00bb url_new_window=\u00a0\u00bboff\u00a0\u00bb use_overlay=\u00a0\u00bboff\u00a0\u00bb align=\u00a0\u00bbcenter\u00a0\u00bb always_center_on_mobile=\u00a0\u00bbon\u00a0\u00bb force_fullwidth=\u00a0\u00bboff\u00a0\u00bb max_width=\u00a0\u00bb50%\u00a0\u00bb show_bottom_space=\u00a0\u00bbon\u00a0\u00bb \/][\/et_pb_column][et_pb_column type=\u00a0\u00bb1_2&Prime;][et_pb_text _builder_version=\u00a0\u00bb3.0.100&Prime; background_layout=\u00a0\u00bblight\u00a0\u00bb text_font=\u00a0\u00bbgabriola|800|||||||\u00a0\u00bb header_font=\u00a0\u00bbgabriola|800|||||||\u00a0\u00bb]<\/p>\n<p>&nbsp;<\/p>\n<h2 style=\"text-align: center;\"><span style=\"font-size: 24pt;\">D\u00e9montage de Fr\u00eanes sur Sebourg<\/span><\/h2>\n<p style=\"text-align: center;\"><span style=\"font-size: 14pt;\">D\u00e9montage de 4 fr\u00eanes posant plusieurs soucis. Un soucis de proximit\u00e9 avec les lignes \u00e9lectriques, des soucis m\u00e9caniques car ces sujets ont d\u00e9j\u00e0 \u00e9t\u00e9 \u00e9t\u00eat\u00e9s plusieurs fois les rendant maintenant dangereux car pourris en tete,\u00a0 des soucis de voisinage car plant\u00e9s en mitoyennet\u00e9 ceux ci g\u00eanent le voisin.<\/span><\/p>\n<p>[\/et_pb_text][\/et_pb_column][\/et_pb_row][et_pb_row][et_pb_column type=\u00a0\u00bb1_2&Prime;][et_pb_image _builder_version=\u00a0\u00bb3.0.100&Prime; src=\u00a0\u00bbhttps:\/\/arboripaysage.fr\/wp-content\/uploads\/2018\/02\/Taille-de-haie-Sebourg.jpg\u00a0\u00bb show_in_lightbox=\u00a0\u00bbon\u00a0\u00bb url_new_window=\u00a0\u00bboff\u00a0\u00bb use_overlay=\u00a0\u00bboff\u00a0\u00bb align=\u00a0\u00bbcenter\u00a0\u00bb always_center_on_mobile=\u00a0\u00bbon\u00a0\u00bb force_fullwidth=\u00a0\u00bboff\u00a0\u00bb max_width=\u00a0\u00bb50%\u00a0\u00bb show_bottom_space=\u00a0\u00bbon\u00a0\u00bb \/][\/et_pb_column][et_pb_column type=\u00a0\u00bb1_2&Prime;][et_pb_text _builder_version=\u00a0\u00bb3.0.100&Prime; background_layout=\u00a0\u00bblight\u00a0\u00bb text_font=\u00a0\u00bbgabriola|800|||||||\u00a0\u00bb header_font=\u00a0\u00bbgabriola|800|||||||\u00a0\u00bb]<\/p>\n<p>&nbsp;<\/p>\n<h2 style=\"text-align: center;\"><span style=\"font-size: 24pt;\">Taille de haie mitoyenne sur Sebourg<\/span><\/h2>\n<p style=\"text-align: center;\"><span style=\"font-size: 14pt;\">Taille classique de haie.<\/span><\/p>\n<p>[\/et_pb_text][\/et_pb_column][\/et_pb_row][\/et_pb_section]<\/p>\n","protected":false},"excerpt":{"rendered":"<p>[et_pb_section bb_built=\u00a0\u00bb1&Prime;][et_pb_row][et_pb_column type=\u00a0\u00bb1_2&Prime;][et_pb_image _builder_version=\u00a0\u00bb3.0.100&Prime; src=\u00a0\u00bbhttps:\/\/arboripaysage.fr\/wp-content\/uploads\/2018\/02\/Tailles-darbustes-Sebourg.jpg\u00a0\u00bb show_in_lightbox=\u00a0\u00bbon\u00a0\u00bb url_new_window=\u00a0\u00bboff\u00a0\u00bb use_overlay=\u00a0\u00bboff\u00a0\u00bb always_center_on_mobile=\u00a0\u00bbon\u00a0\u00bb force_fullwidth=\u00a0\u00bboff\u00a0\u00bb show_bottom_space=\u00a0\u00bbon\u00a0\u00bb align=\u00a0\u00bbcenter\u00a0\u00bb max_width=\u00a0\u00bb50%\u00a0\u00bb \/][\/et_pb_column][et_pb_column type=\u00a0\u00bb1_2&Prime;][et_pb_text _builder_version=\u00a0\u00bb3.0.100&Prime; background_layout=\u00a0\u00bblight\u00a0\u00bb text_font=\u00a0\u00bbgabriola|800|||||||\u00a0\u00bb header_font=\u00a0\u00bbgabriola|800|||||||\u00a0\u00bb] &nbsp; Taille d&rsquo;arbustes sur Sebourg Remise en forme des v\u00e9g\u00e9taux d&rsquo;un massif, reformations des topiaires et paillage de BRF. [\/et_pb_text][\/et_pb_column][\/et_pb_row][et_pb_row][et_pb_column type=\u00a0\u00bb1_2&Prime;][et_pb_image _builder_version=\u00a0\u00bb3.0.100&Prime; src=\u00a0\u00bbhttps:\/\/arboripaysage.fr\/wp-content\/uploads\/2018\/02\/D\u00e9montage-dun-fr\u00eane-a-proximit\u00e9-du-r\u00e9seau-electrique-Sebourg.jpg\u00a0\u00bb show_in_lightbox=\u00a0\u00bbon\u00a0\u00bb url_new_window=\u00a0\u00bboff\u00a0\u00bb use_overlay=\u00a0\u00bboff\u00a0\u00bb align=\u00a0\u00bbcenter\u00a0\u00bb always_center_on_mobile=\u00a0\u00bbon\u00a0\u00bb force_fullwidth=\u00a0\u00bboff\u00a0\u00bb max_width=\u00a0\u00bb50%\u00a0\u00bb show_bottom_space=\u00a0\u00bbon\u00a0\u00bb \/][\/et_pb_column][et_pb_column type=\u00a0\u00bb1_2&Prime;][et_pb_text _builder_version=\u00a0\u00bb3.0.100&Prime; background_layout=\u00a0\u00bblight\u00a0\u00bb text_font=\u00a0\u00bbgabriola|800|||||||\u00a0\u00bb [&hellip;]<\/p>\n","protected":false},"author":1,"featured_media":0,"parent":0,"menu_order":0,"comment_status":"closed","ping_status":"closed","template":"","meta":{"_et_pb_use_builder":"on","_et_pb_old_content":"<p>[et_pb_section bb_built=\"1\"][et_pb_row][et_pb_column type=\"1_2\"][\/et_pb_column][et_pb_column type=\"1_2\"][\/et_pb_column][\/et_pb_row][\/et_pb_section]<\/p>"},"_links":{"self":[{"href":"https:\/\/arboripaysage.fr\/index.php\/wp-json\/wp\/v2\/pages\/389"}],"collection":[{"href":"https:\/\/arboripaysage.fr\/index.php\/wp-json\/wp\/v2\/pages"}],"about":[{"href":"https:\/\/arboripaysage.fr\/index.php\/wp-json\/wp\/v2\/types\/page"}],"author":[{"embeddable":true,"href":"https:\/\/arboripaysage.fr\/index.php\/wp-json\/wp\/v2\/users\/1"}],"replies":[{"embeddable":true,"href":"https:\/\/arboripaysage.fr\/index.php\/wp-json\/wp\/v2\/comments?post=389"}],"version-history":[{"count":4,"href":"https:\/\/arboripaysage.fr\/index.php\/wp-json\/wp\/v2\/pages\/389\/revisions"}],"predecessor-version":[{"id":572,"href":"https:\/\/arboripaysage.fr\/index.php\/wp-json\/wp\/v2\/pages\/389\/revisions\/572"}],"wp:attachment":[{"href":"https:\/\/arboripaysage.fr\/index.php\/wp-json\/wp\/v2\/media?parent=389"}],"curies":[{"name":"wp","href":"https:\/\/api.w.org\/{rel}","templated":true}]}}

<p>[et_pb_section bb_built= »1&Prime;][et_pb_row][et_pb_column type= »1_2&Prime;][et_pb_image _builder_version= »3.0.100&Prime; src= »https://arboripaysage.fr/wp-content/uploads/2018/02/Tailles-darbustes-Sebourg.jpg » show_in_lightbox= »on » url_new_window= »off » use_overlay= »off » always_center_on_mobile= »on » force_fullwidth= »off » show_bottom_space= »on » align= »center » max_width= »50% » /][/et_pb_column][et_pb_column type= »1_2&Prime;][et_pb_text _builder_version= »3.0.100&Prime; background_layout= »light » text_font= »gabriola|800||||||| » header_font= »gabriola|800||||||| »]</p>
<p>&nbsp;</p>
<h2 style="text-align: center;"><span style="font-size: 24pt;">Taille d&rsquo;arbustes sur Sebourg</span></h2>
<p style="text-align: center;"><span style="font-size: 14pt;">Remise en forme des végétaux d&rsquo;un massif, reformations des topiaires et paillage de BRF.</span></p>
<p>[/et_pb_text][/et_pb_column][/et_pb_row][et_pb_row][et_pb_column type= »1_2&Prime;][et_pb_image _builder_version= »3.0.100&Prime; src= »https://arboripaysage.fr/wp-content/uploads/2018/02/Démontage-dun-frêne-a-proximité-du-réseau-electrique-Sebourg.jpg » show_in_lightbox= »on » url_new_window= »off » use_overlay= »off » align= »center » always_center_on_mobile= »on » force_fullwidth= »off » max_width= »50% » show_bottom_space= »on » /][/et_pb_column][et_pb_column type= »1_2&Prime;][et_pb_text _builder_version= »3.0.100&Prime; background_layout= »light » text_font= »gabriola|800||||||| » header_font= »gabriola|800||||||| »]</p>
<p>&nbsp;</p>
<h2 style="text-align: center;"><span style="font-size: 24pt;">Démontage de Frênes sur Sebourg</span></h2>
<p style="text-align: center;"><span style="font-size: 14pt;">Démontage de 4 frênes posant plusieurs soucis. Un soucis de proximité avec les lignes électriques, des soucis mécaniques car ces sujets ont déjà été étêtés plusieurs fois les rendant maintenant dangereux car pourris en tete,  des soucis de voisinage car plantés en mitoyenneté ceux ci gênent le voisin.</span></p>
<p>[/et_pb_text][/et_pb_column][/et_pb_row][et_pb_row][et_pb_column type= »1_2&Prime;][et_pb_image _builder_version= »3.0.100&Prime; src= »https://arboripaysage.fr/wp-content/uploads/2018/02/Taille-de-haie-Sebourg.jpg » show_in_lightbox= »on » url_new_window= »off » use_overlay= »off » align= »center » always_center_on_mobile= »on » force_fullwidth= »off » max_width= »50% » show_bottom_space= »on » /][/et_pb_column][et_pb_column type= »1_2&Prime;][et_pb_text _builder_version= »3.0.100&Prime; background_layout= »light » text_font= »gabriola|800||||||| » header_font= »gabriola|800||||||| »]</p>
<p>&nbsp;</p>
<h2 style="text-align: center;"><span style="font-size: 24pt;">Taille de haie mitoyenne sur Sebourg</span></h2>
<p style="text-align: center;"><span style="font-size: 14pt;">Taille classique de haie.</span></p>
<p>[/et_pb_text][/et_pb_column][/et_pb_row][/et_pb_section]</p>

<p>[et_pb_section bb_built= »1&Prime;][et_pb_row][et_pb_column type= »1_2&Prime;][et_pb_image _builder_version= »3.0.100&Prime; src= »https://arboripaysage.fr/wp-content/uploads/2018/02/Tailles-darbustes-Sebourg.jpg » show_in_lightbox= »on » url_new_window= »off » use_overlay= »off » always_center_on_mobile= »on » force_fullwidth= »off » show_bottom_space= »on » align= »center » max_width= »50% » /][/et_pb_column][et_pb_column type= »1_2&Prime;][et_pb_text _builder_version= »3.0.100&Prime; background_layout= »light » text_font= »gabriola|800||||||| » header_font= »gabriola|800||||||| »] &nbsp; Taille d&rsquo;arbustes sur Sebourg Remise en forme des végétaux d&rsquo;un massif, reformations des topiaires et paillage de BRF. [/et_pb_text][/et_pb_column][/et_pb_row][et_pb_row][et_pb_column type= »1_2&Prime;][et_pb_image _builder_version= »3.0.100&Prime; src= »https://arboripaysage.fr/wp-content/uploads/2018/02/Démontage-dun-frêne-a-proximité-du-réseau-electrique-Sebourg.jpg » show_in_lightbox= »on » url_new_window= »off » use_overlay= »off » align= »center » always_center_on_mobile= »on » force_fullwidth= »off » max_width= »50% » show_bottom_space= »on » /][/et_pb_column][et_pb_column type= »1_2&Prime;][et_pb_text _builder_version= »3.0.100&Prime; background_layout= »light » text_font= »gabriola|800||||||| » [&hellip;]</p>
