{"id":368,"date":"2018-02-07T10:39:22","date_gmt":"2018-02-07T09:39:22","guid":{"rendered":"https:\/\/arboripaysage.fr\/?page_id=368"},"modified":"2018-02-14T09:26:55","modified_gmt":"2018-02-14T08:26:55","slug":"paysagiste-villers-pol","status":"publish","type":"page","link":"https:\/\/arboripaysage.fr\/index.php\/paysagiste-villers-pol\/","title":{"rendered":"Villers Pol"},"content":{"rendered":"<p>[et_pb_section bb_built=\u00a0\u00bb1&Prime;][et_pb_row][et_pb_column type=\u00a0\u00bb1_2&Prime;][et_pb_image _builder_version=\u00a0\u00bb3.0.100&Prime; src=\u00a0\u00bbhttps:\/\/arboripaysage.fr\/wp-content\/uploads\/2018\/02\/Entretien-et-taille-de-haies-Villers-pol.jpg\u00a0\u00bb show_in_lightbox=\u00a0\u00bbon\u00a0\u00bb url_new_window=\u00a0\u00bboff\u00a0\u00bb use_overlay=\u00a0\u00bboff\u00a0\u00bb always_center_on_mobile=\u00a0\u00bbon\u00a0\u00bb force_fullwidth=\u00a0\u00bboff\u00a0\u00bb show_bottom_space=\u00a0\u00bbon\u00a0\u00bb module_alignment=\u00a0\u00bbcenter\u00a0\u00bb max_width_last_edited=\u00a0\u00bboff|\u00a0\u00bb align=\u00a0\u00bbcenter\u00a0\u00bb max_width=\u00a0\u00bb50%\u00a0\u00bb \/][\/et_pb_column][et_pb_column type=\u00a0\u00bb1_2&Prime;][et_pb_text _builder_version=\u00a0\u00bb3.0.100&Prime; background_layout=\u00a0\u00bblight\u00a0\u00bb text_font=\u00a0\u00bbgabriola|800|||||||\u00a0\u00bb text_orientation=\u00a0\u00bbcenter\u00a0\u00bb header_font=\u00a0\u00bb|800|||||||\u00a0\u00bb]<\/p>\n<h2 style=\"text-align: center;\"><span style=\"font-size: 24pt;\">Taille de Haie mitoyenne sur Villers Pol<\/span><\/h2>\n<p style=\"text-align: center;\"><span style=\"font-size: 14pt;\">Reprise en main d&rsquo;une haie vari\u00e9e apr\u00e8s plusieurs ann\u00e9e sans entretien.<\/span><\/p>\n<p>[\/et_pb_text][\/et_pb_column][\/et_pb_row][et_pb_row][et_pb_column type=\u00a0\u00bb1_2&Prime;][et_pb_image _builder_version=\u00a0\u00bb3.0.100&Prime; src=\u00a0\u00bbhttps:\/\/arboripaysage.fr\/wp-content\/uploads\/2018\/02\/Taille-de-haie-Villers-pol.jpg\u00a0\u00bb show_in_lightbox=\u00a0\u00bbon\u00a0\u00bb url_new_window=\u00a0\u00bboff\u00a0\u00bb use_overlay=\u00a0\u00bboff\u00a0\u00bb align=\u00a0\u00bbcenter\u00a0\u00bb always_center_on_mobile=\u00a0\u00bbon\u00a0\u00bb force_fullwidth=\u00a0\u00bboff\u00a0\u00bb max_width=\u00a0\u00bb50%\u00a0\u00bb show_bottom_space=\u00a0\u00bbon\u00a0\u00bb \/][\/et_pb_column][et_pb_column type=\u00a0\u00bb1_2&Prime;][et_pb_text _builder_version=\u00a0\u00bb3.0.100&Prime; background_layout=\u00a0\u00bblight\u00a0\u00bb text_font=\u00a0\u00bbgabriola|800|||||||\u00a0\u00bb text_orientation=\u00a0\u00bbcenter\u00a0\u00bb header_font=\u00a0\u00bb|800|||||||\u00a0\u00bb]<\/p>\n<h2 style=\"text-align: center;\"><span style=\"font-size: 24pt;\">Taille de Haie sur Villers Pol<\/span><\/h2>\n<p style=\"text-align: center;\"><span style=\"font-size: 14pt;\">R\u00e9duction de la hauteur d&rsquo;une haie de thuya et taille naturelle sur les bambous la pr\u00e9c\u00e9dent.<\/span><\/p>\n<p>[\/et_pb_text][\/et_pb_column][\/et_pb_row][et_pb_row][et_pb_column type=\u00a0\u00bb1_2&Prime;][et_pb_image _builder_version=\u00a0\u00bb3.0.100&Prime; src=\u00a0\u00bbhttps:\/\/arboripaysage.fr\/wp-content\/uploads\/2018\/02\/Taille-daccompagnement-fruitier-Villers-pol.jpg\u00a0\u00bb show_in_lightbox=\u00a0\u00bbon\u00a0\u00bb url_new_window=\u00a0\u00bboff\u00a0\u00bb use_overlay=\u00a0\u00bboff\u00a0\u00bb align=\u00a0\u00bbcenter\u00a0\u00bb always_center_on_mobile=\u00a0\u00bbon\u00a0\u00bb force_fullwidth=\u00a0\u00bboff\u00a0\u00bb max_width=\u00a0\u00bb50%\u00a0\u00bb show_bottom_space=\u00a0\u00bbon\u00a0\u00bb \/][\/et_pb_column][et_pb_column type=\u00a0\u00bb1_2&Prime;][et_pb_text _builder_version=\u00a0\u00bb3.0.100&Prime; background_layout=\u00a0\u00bblight\u00a0\u00bb text_font=\u00a0\u00bbgabriola|800|||||||\u00a0\u00bb text_orientation=\u00a0\u00bbcenter\u00a0\u00bb header_font=\u00a0\u00bb|800|||||||\u00a0\u00bb]<\/p>\n<h2 style=\"text-align: center;\"><span style=\"font-size: 24pt;\">Taille d&rsquo;accompagnement sur Villers Pol<\/span><\/h2>\n<p style=\"text-align: center;\"><span style=\"font-size: 14pt;\"><span style=\"font-size: 18.6667px;\">Taille de s\u00e9lection et s<\/span>uppression des rejets issus des pr\u00e9c\u00e9dentes tailles drastiques, suppression des branches n\u00e9cros\u00e9es, malades ou dangereuses.<\/span><\/p>\n<p>[\/et_pb_text][\/et_pb_column][\/et_pb_row][et_pb_row][et_pb_column type=\u00a0\u00bb1_2&Prime;][et_pb_image _builder_version=\u00a0\u00bb3.0.100&Prime; src=\u00a0\u00bbhttps:\/\/arboripaysage.fr\/wp-content\/uploads\/2018\/02\/R\u00e9am\u00e9nagement-de-talus-Villers-Pol.jpg\u00a0\u00bb show_in_lightbox=\u00a0\u00bbon\u00a0\u00bb url_new_window=\u00a0\u00bboff\u00a0\u00bb use_overlay=\u00a0\u00bboff\u00a0\u00bb align=\u00a0\u00bbcenter\u00a0\u00bb always_center_on_mobile=\u00a0\u00bbon\u00a0\u00bb force_fullwidth=\u00a0\u00bboff\u00a0\u00bb max_width=\u00a0\u00bb50%\u00a0\u00bb show_bottom_space=\u00a0\u00bbon\u00a0\u00bb \/][\/et_pb_column][et_pb_column type=\u00a0\u00bb1_2&Prime;][et_pb_text _builder_version=\u00a0\u00bb3.0.100&Prime; background_layout=\u00a0\u00bblight\u00a0\u00bb text_font=\u00a0\u00bbgabriola|800|||||||\u00a0\u00bb text_orientation=\u00a0\u00bbcenter\u00a0\u00bb header_font=\u00a0\u00bb|800|||||||\u00a0\u00bb]<\/p>\n<h2 style=\"text-align: center;\"><span style=\"font-size: 24pt;\">R\u00e9am\u00e9nagement de talus sur Villers Pol<\/span><\/h2>\n<p style=\"text-align: center;\"><span style=\"font-size: 18.6667px;\">Mes clients d\u00e9siraient solutionner un probl\u00e8me de ruissellement des eaux de pluies mais aussi simplifier l&rsquo;accessibilit\u00e9 pour l&rsquo;entretien et enfin revaloriser l&rsquo;entr\u00e9e de leur domicile.<\/span><\/p>\n<p>[\/et_pb_text][\/et_pb_column][\/et_pb_row][\/et_pb_section]<\/p>\n","protected":false},"excerpt":{"rendered":"<p>[et_pb_section bb_built=\u00a0\u00bb1&Prime;][et_pb_row][et_pb_column type=\u00a0\u00bb1_2&Prime;][et_pb_image _builder_version=\u00a0\u00bb3.0.100&Prime; src=\u00a0\u00bbhttps:\/\/arboripaysage.fr\/wp-content\/uploads\/2018\/02\/Entretien-et-taille-de-haies-Villers-pol.jpg\u00a0\u00bb show_in_lightbox=\u00a0\u00bbon\u00a0\u00bb url_new_window=\u00a0\u00bboff\u00a0\u00bb use_overlay=\u00a0\u00bboff\u00a0\u00bb always_center_on_mobile=\u00a0\u00bbon\u00a0\u00bb force_fullwidth=\u00a0\u00bboff\u00a0\u00bb show_bottom_space=\u00a0\u00bbon\u00a0\u00bb module_alignment=\u00a0\u00bbcenter\u00a0\u00bb max_width_last_edited=\u00a0\u00bboff|\u00a0\u00bb align=\u00a0\u00bbcenter\u00a0\u00bb max_width=\u00a0\u00bb50%\u00a0\u00bb \/][\/et_pb_column][et_pb_column type=\u00a0\u00bb1_2&Prime;][et_pb_text _builder_version=\u00a0\u00bb3.0.100&Prime; background_layout=\u00a0\u00bblight\u00a0\u00bb text_font=\u00a0\u00bbgabriola|800|||||||\u00a0\u00bb text_orientation=\u00a0\u00bbcenter\u00a0\u00bb header_font=\u00a0\u00bb|800|||||||\u00a0\u00bb] Taille de Haie mitoyenne sur Villers Pol Reprise en main d&rsquo;une haie vari\u00e9e apr\u00e8s plusieurs ann\u00e9e sans entretien. [\/et_pb_text][\/et_pb_column][\/et_pb_row][et_pb_row][et_pb_column type=\u00a0\u00bb1_2&Prime;][et_pb_image _builder_version=\u00a0\u00bb3.0.100&Prime; src=\u00a0\u00bbhttps:\/\/arboripaysage.fr\/wp-content\/uploads\/2018\/02\/Taille-de-haie-Villers-pol.jpg\u00a0\u00bb show_in_lightbox=\u00a0\u00bbon\u00a0\u00bb url_new_window=\u00a0\u00bboff\u00a0\u00bb use_overlay=\u00a0\u00bboff\u00a0\u00bb align=\u00a0\u00bbcenter\u00a0\u00bb always_center_on_mobile=\u00a0\u00bbon\u00a0\u00bb force_fullwidth=\u00a0\u00bboff\u00a0\u00bb max_width=\u00a0\u00bb50%\u00a0\u00bb show_bottom_space=\u00a0\u00bbon\u00a0\u00bb \/][\/et_pb_column][et_pb_column type=\u00a0\u00bb1_2&Prime;][et_pb_text _builder_version=\u00a0\u00bb3.0.100&Prime; [&hellip;]<\/p>\n","protected":false},"author":1,"featured_media":0,"parent":0,"menu_order":0,"comment_status":"closed","ping_status":"closed","template":"","meta":{"_et_pb_use_builder":"on","_et_pb_old_content":""},"_links":{"self":[{"href":"https:\/\/arboripaysage.fr\/index.php\/wp-json\/wp\/v2\/pages\/368"}],"collection":[{"href":"https:\/\/arboripaysage.fr\/index.php\/wp-json\/wp\/v2\/pages"}],"about":[{"href":"https:\/\/arboripaysage.fr\/index.php\/wp-json\/wp\/v2\/types\/page"}],"author":[{"embeddable":true,"href":"https:\/\/arboripaysage.fr\/index.php\/wp-json\/wp\/v2\/users\/1"}],"replies":[{"embeddable":true,"href":"https:\/\/arboripaysage.fr\/index.php\/wp-json\/wp\/v2\/comments?post=368"}],"version-history":[{"count":20,"href":"https:\/\/arboripaysage.fr\/index.php\/wp-json\/wp\/v2\/pages\/368\/revisions"}],"predecessor-version":[{"id":589,"href":"https:\/\/arboripaysage.fr\/index.php\/wp-json\/wp\/v2\/pages\/368\/revisions\/589"}],"wp:attachment":[{"href":"https:\/\/arboripaysage.fr\/index.php\/wp-json\/wp\/v2\/media?parent=368"}],"curies":[{"name":"wp","href":"https:\/\/api.w.org\/{rel}","templated":true}]}}

<p>[et_pb_section bb_built= »1&Prime;][et_pb_row][et_pb_column type= »1_2&Prime;][et_pb_image _builder_version= »3.0.100&Prime; src= »https://arboripaysage.fr/wp-content/uploads/2018/02/Entretien-et-taille-de-haies-Villers-pol.jpg » show_in_lightbox= »on » url_new_window= »off » use_overlay= »off » always_center_on_mobile= »on » force_fullwidth= »off » show_bottom_space= »on » module_alignment= »center » max_width_last_edited= »off| » align= »center » max_width= »50% » /][/et_pb_column][et_pb_column type= »1_2&Prime;][et_pb_text _builder_version= »3.0.100&Prime; background_layout= »light » text_font= »gabriola|800||||||| » text_orientation= »center » header_font= »|800||||||| »]</p>
<h2 style="text-align: center;"><span style="font-size: 24pt;">Taille de Haie mitoyenne sur Villers Pol</span></h2>
<p style="text-align: center;"><span style="font-size: 14pt;">Reprise en main d&rsquo;une haie variée après plusieurs année sans entretien.</span></p>
<p>[/et_pb_text][/et_pb_column][/et_pb_row][et_pb_row][et_pb_column type= »1_2&Prime;][et_pb_image _builder_version= »3.0.100&Prime; src= »https://arboripaysage.fr/wp-content/uploads/2018/02/Taille-de-haie-Villers-pol.jpg » show_in_lightbox= »on » url_new_window= »off » use_overlay= »off » align= »center » always_center_on_mobile= »on » force_fullwidth= »off » max_width= »50% » show_bottom_space= »on » /][/et_pb_column][et_pb_column type= »1_2&Prime;][et_pb_text _builder_version= »3.0.100&Prime; background_layout= »light » text_font= »gabriola|800||||||| » text_orientation= »center » header_font= »|800||||||| »]</p>
<h2 style="text-align: center;"><span style="font-size: 24pt;">Taille de Haie sur Villers Pol</span></h2>
<p style="text-align: center;"><span style="font-size: 14pt;">Réduction de la hauteur d&rsquo;une haie de thuya et taille naturelle sur les bambous la précédent.</span></p>
<p>[/et_pb_text][/et_pb_column][/et_pb_row][et_pb_row][et_pb_column type= »1_2&Prime;][et_pb_image _builder_version= »3.0.100&Prime; src= »https://arboripaysage.fr/wp-content/uploads/2018/02/Taille-daccompagnement-fruitier-Villers-pol.jpg » show_in_lightbox= »on » url_new_window= »off » use_overlay= »off » align= »center » always_center_on_mobile= »on » force_fullwidth= »off » max_width= »50% » show_bottom_space= »on » /][/et_pb_column][et_pb_column type= »1_2&Prime;][et_pb_text _builder_version= »3.0.100&Prime; background_layout= »light » text_font= »gabriola|800||||||| » text_orientation= »center » header_font= »|800||||||| »]</p>
<h2 style="text-align: center;"><span style="font-size: 24pt;">Taille d&rsquo;accompagnement sur Villers Pol</span></h2>
<p style="text-align: center;"><span style="font-size: 14pt;"><span style="font-size: 18.6667px;">Taille de sélection et s</span>uppression des rejets issus des précédentes tailles drastiques, suppression des branches nécrosées, malades ou dangereuses.</span></p>
<p>[/et_pb_text][/et_pb_column][/et_pb_row][et_pb_row][et_pb_column type= »1_2&Prime;][et_pb_image _builder_version= »3.0.100&Prime; src= »https://arboripaysage.fr/wp-content/uploads/2018/02/Réaménagement-de-talus-Villers-Pol.jpg » show_in_lightbox= »on » url_new_window= »off » use_overlay= »off » align= »center » always_center_on_mobile= »on » force_fullwidth= »off » max_width= »50% » show_bottom_space= »on » /][/et_pb_column][et_pb_column type= »1_2&Prime;][et_pb_text _builder_version= »3.0.100&Prime; background_layout= »light » text_font= »gabriola|800||||||| » text_orientation= »center » header_font= »|800||||||| »]</p>
<h2 style="text-align: center;"><span style="font-size: 24pt;">Réaménagement de talus sur Villers Pol</span></h2>
<p style="text-align: center;"><span style="font-size: 18.6667px;">Mes clients désiraient solutionner un problème de ruissellement des eaux de pluies mais aussi simplifier l&rsquo;accessibilité pour l&rsquo;entretien et enfin revaloriser l&rsquo;entrée de leur domicile.</span></p>
<p>[/et_pb_text][/et_pb_column][/et_pb_row][/et_pb_section]</p>

<p>[et_pb_section bb_built= »1&Prime;][et_pb_row][et_pb_column type= »1_2&Prime;][et_pb_image _builder_version= »3.0.100&Prime; src= »https://arboripaysage.fr/wp-content/uploads/2018/02/Entretien-et-taille-de-haies-Villers-pol.jpg » show_in_lightbox= »on » url_new_window= »off » use_overlay= »off » always_center_on_mobile= »on » force_fullwidth= »off » show_bottom_space= »on » module_alignment= »center » max_width_last_edited= »off| » align= »center » max_width= »50% » /][/et_pb_column][et_pb_column type= »1_2&Prime;][et_pb_text _builder_version= »3.0.100&Prime; background_layout= »light » text_font= »gabriola|800||||||| » text_orientation= »center » header_font= »|800||||||| »] Taille de Haie mitoyenne sur Villers Pol Reprise en main d&rsquo;une haie variée après plusieurs année sans entretien. [/et_pb_text][/et_pb_column][/et_pb_row][et_pb_row][et_pb_column type= »1_2&Prime;][et_pb_image _builder_version= »3.0.100&Prime; src= »https://arboripaysage.fr/wp-content/uploads/2018/02/Taille-de-haie-Villers-pol.jpg » show_in_lightbox= »on » url_new_window= »off » use_overlay= »off » align= »center » always_center_on_mobile= »on » force_fullwidth= »off » max_width= »50% » show_bottom_space= »on » /][/et_pb_column][et_pb_column type= »1_2&Prime;][et_pb_text _builder_version= »3.0.100&Prime; [&hellip;]</p>
